reatest common divisor of 13 and n.
13
Suppose 4*q = 5*w + 8913, -2*q - 5*w + 4479 = -0*w. Calculate the greatest common divisor of 62 and q.
62
Let j(f) = -f + 13. Let u = -24 + 35. Let x be j(u). Suppose 0*o - x*o + 16 = 0. What is the greatest common factor of o and 72?
8
Suppose -w = 3*x - 108, w + w - 215 = -5*x. Let h(v) = v**2 - 34*v + 15. Let q be h(6). Let y = q + 195. What is the highest common factor of y and w?
21
Let d = 4225 + -4000. What is the highest common divisor of d and 315?
45
Let o = -588 - -600. Let x(w) be the first derivative of 2*w**3/3 + w**2/2 - 3*w - 1. Let c be x(3). Calculate the greatest common factor of c and o.
6
Let x be ((-48)/36)/(8/(-18)). Let z be 19 + (-3 - 0/x). Let u = -204 - -212. What is the greatest common divisor of u and z?
8
Suppose g - 5*d - 29 = 19, 2*g = d + 114. Let n be 2 + 0 + g + -10. What is the greatest common divisor of n and 25?
25
Let i = -560 - -645. What is the greatest common factor of 6817 and i?
17
Let i be (-708)/(-16) + (-3)/12. Let y = -57 + 101. Suppose -26*v + y = -22*v. Calculate the highest common divisor of v and i.
11
Let v = -889 - -934. Suppose 9*m - v = 18. What is the greatest common factor of 679 and m?
7
Let g = -82 + 84. Let t be ((-1)/g)/(1/(-16)). Suppose t = p + 3*p. What is the greatest common divisor of 14 and p?
2
Suppose -3342 - 1842 = -81*p. Let g(c) = c**3 - c**2 - 4*c. Let d be g(4). What is the greatest common divisor of d and p?
32
Let s = -34 + 179. Let c = s - 111. What is the highest common factor of 374 and c?
34
Let q(s) = s**2 + 41*s + 290. Let u be q(-9). Let r = 23 + -16. Calculate the greatest common factor of u and r.
1
Let v = -11364 - -11369. Calculate the greatest common factor of v and 295.
5
Let b = -3863 + 4463. What is the greatest common factor of b and 840?
120
Let a be (-7)/(189/(-3588)) - (-15)/135. What is the greatest common divisor of 4123 and a?
133
Let y(u) be the second derivative of -2*u**3/3 + 72*u**2 + 30*u + 1. Let w be y(27). What is the highest common factor of 48 and w?
12
Suppose 4*y + 3 = 15. Let u(g) = 6*g - 3. Let k be u(y). Suppose -d - 4*i + 23 = 0, 8 - 79 = -5*d + 2*i. Calculate the greatest common divisor of k and d.
15
Let y be (36/6 - 0)/2. Suppose -5*a = 4*c - 132, 6*a + 2*c = y*a + 78. What is the greatest common factor of a and 32?
8
Let k(z) = 141*z + 10077. Let n be k(-67). Calculate the greatest common divisor of 720 and n.
90
Let z(y) = -2*y**3 - 42*y**2 + 13. Let h be z(-21). Suppose 0 = -h*l + 1249 + 1572. What is the highest common divisor of l and 31?
31
Let m = -33 + 51. Let q(x) = -x + 21. Let v be q(m). Suppose 91 = v*u - 35. What is the greatest common divisor of u and 105?
21
Suppose -3*w + 4*b = -3013, 0 = w + 29*b - 28*b - 995. What is the greatest common divisor of 26307 and w?
333
Let x be 2604/77 - 4 - 4*5/(-110). What is the greatest common factor of 7530 and x?
30
Let q be 15/(75/1930) - 18/3. What is the highest common divisor of q and 171?
19
Suppose -24825 = 56*l - 96785. Let a = l - 753. Calculate the greatest common divisor of a and 28.
28
Suppose -3*q + 45 = -0*q. Let w = 797 + -544. Let n = w - 133. What is the highest common factor of q and n?
15
Let g be 935/(-66) + 14 - (-379)/6. Calculate the greatest common divisor of g and 468.
9
Let f(o) = -5*o + 27. Let t be f(-10). Let p = t - 77. Suppose p = 4*d - 11 + 3. Calculate the highest common divisor of d and 6.
2
Let m = 71 - 33. Suppose -4*a + 20 + 8 = b, -2*b - 2*a = -m. Calculate the highest common divisor of b and 16.
16
Let i = -810 + 814. What is the highest common factor of i and 172?
4
Let v(f) = -f**3 + 21*f + 1927. Let h be v(0). What is the greatest common factor of 41 and h?
41
Suppose -8*g = -13*g - 35, 4*o - 2*g - 54 = 0. Calculate the highest common divisor of o and 2295.
5
Suppose -3*s - 3*i + 3 = 0, 0 - 3 = i. Let h be s*(3 + -1 + 48). Let f = -501 + 526. What is the highest common factor of h and f?
25
Suppose -4*v = -2*a + 120, -v + 5 = 10. Suppose 2*o = -44 + a. Calculate the greatest common factor of 39 and o.
3
Let h be 91/(-10 + 3) + 462 + 4. Calculate the greatest common divisor of h and 2567.
151
Suppose -2*h - 9 = -h. Let j(u) be the second derivative of u**4/12 + 4*u**3/3 + 7*u**2/2 + 3*u. Let t be j(h). Calculate the highest common factor of 48 and t.
16
Suppose 105*a - 374732 = -52085 + 322473. Calculate the highest common factor of 144 and a.
48
Let h be (3 - (-111)/(-39)) + 25650/585. What is the highest common divisor of 2321 and h?
11
Suppose 5*w + 1694 + 380 = c, 5*c - 10226 = w. What is the greatest common factor of c and 56?
28
Let h(j) = 10*j**3 - 8*j + 4*j**2 - 3*j**3 - 8 - 3*j**3 - 3*j**3. Let b be h(-5). Suppose -b*l + 917 = -413. What is the highest common factor of 38 and l?
38
Let c be (496/(-56))/(-31) - 2/14*-6389. What is the greatest common factor of c and 22?
11
Let i be 32 + 1 + 3 - 2. Suppose 3*o - 1126 = 2*p, 0 = -4*o + 4*p + 1655 - 151. Calculate the highest common divisor of i and o.
34
Let b(q) = q**2 - 14*q + 44. Let l be b(10). Suppose 5*t - 3268 = l*g, 0 = -5*t - g + 4*g + 3271. Calculate the greatest common divisor of t and 16.
16
Let o be ((-228)/(-10))/(242/605). What is the greatest common divisor of 12 and o?
3
Let f = -127 + 125. Let m be -2 + 0 + (10 - f). What is the highest common factor of 90 and m?
10
Let b be (-2 + (-18)/5)/(14/(-70)). Let q = -2007 + 2855. Suppose 272 = 5*y - q. Calculate the highest common divisor of b and y.
28
Suppose 2854 = 48*t - 122. Calculate the highest common factor of 18166 and t.
62
Suppose 5018*q - 5019*q = -4*i + 30, 4*q + 12 = -2*i. What is the highest common divisor of 3468 and i?
6
Let s = 13664 - 13398. Calculate the greatest common divisor of 1368 and s.
38
Let w be 2/((-20)/(-10238)) - (-14)/140*2. What is the highest common factor of 32 and w?
32
Suppose -4*t - 232 = -852. Suppose -6*j + 3906 = 120*j. What is the highest common divisor of t and j?
31
Let o be 4/(2/6*102/136). Let h(w) = w**3 + 2*w**2 + w. Let t be h(-1). Suppose t*g = -g + 176. What is the highest common divisor of g and o?
16
Let j be (7*(3 + -26))/((-2)/(-2)). Let p be -1 - (-2 - 0 - (-12 - j)). Suppose -p = -8*n + 3*n. What is the highest common factor of n and 10?
10
Suppose 5*c - 2*d - 14904 = -4*d, d - 5962 = -2*c. Calculate the highest common divisor of c and 60.
20
Let p(c) = 18*c**3 - 47*c**2 + 122*c + 2. Let a be p(7). Calculate the greatest common factor of 29 and a.
29
Let o(q) = -18*q. Let m be o(-4). Suppose 3*u = -u - 5*j + 2036, -2*j + 512 = u. What is the highest common factor of u and m?
72
Suppose -15*y - 821 + 881 = 0. Let b = -75 - -127. What is the highest common divisor of y and b?
4
Let b = -20 - -20. Let q be b + -2 + -1 + 237. Suppose -7*m - 2*m = -234. Calculate the greatest common divisor of q and m.
26
Suppose -4*t + 169 = 29. Suppose 1000 = 2*s + o + 372, -4*s + 1264 = -2*o. Calculate the highest common divisor of t and s.
35
Let t(z) = 2*z**2 - 27*z + 83. Let r be t(9). What is the greatest common divisor of 4442 and r?
2
Let v be 37/(-111) + 274*(-2)/(-12)*32. What is the highest common factor of v and 9?
3
Let h(n) = -11*n**2 + 286*n - 105. Let r be h(25). What is the greatest common factor of r and 40?
10
Suppose 110 = 4*y + g, y - 44 + 7 = -5*g. What is the highest common factor of 369 and y?
9
Let k(g) = 4*g + 110. Let y be k(-20). Suppose a - 124 = 56. What is the highest common factor of y and a?
30
Let v be ((-220)/30*-6)/2. What is the highest common divisor of v and 10923?
11
Let g(z) = z**3 + 110. Let v be g(0). Let x(q) = q**3 + 39*q**2 - 77*q + 216. Let j be x(-41). What is the highest common divisor of j and v?
11
Suppose 11*p + 2559 - 2581 = 0. Calculate the greatest common divisor of p and 25.
1
Let s(r) = -2*r**2 + 13*r + 2. Let v be s(10). Let y = v + 58. Let o be y/(-15)*(3 - -102). What is the highest common factor of 14 and o?
14
Suppose 3*p + 6 = 0, 3*q - 4*q = -3*p - 9. Suppose -q*x + 5*x - z = 48, -5*x + 102 = 2*z. What is the greatest common factor of x and 110?
22
Suppose -18*a = 3542 - 16286. What is the greatest common factor of 36 and a?
12
Suppose 1 = 8*i - 31. Let x(h) = 3*h + 19*h**2 - 9 + 1 + 0*h. Let z be x(i). Calculate the greatest common factor of z and 28.
28
Suppose -165 - 811 = -4